5c0 + -4?
637c5b9
In base 5, what is 11 + -2034421132?
-2034421121
In base 2, what is 1100101101111 + -101001?
1100101000110
In base 13, what is 2 - 5b4567?
-5b4565
In base 14, what is -55845 + 30c?
-55537
In base 10, what is -3 - 321548226?
-321548229
In base 5, what is 420 + -1033133201?
-1033132231
In base 5, what is -13023 - -10301003?
10232430
In base 9, what is -2530 + -24735?
-27365
In base 9, what is -4407 + -1314?
-5722
In base 16, what is 3ffd58 + -d6?
3ffc82
In base 14, what is -261776 - 4?
-26177a
In base 16, what is 5 - 14735a?
-147355
In base 7, what is -10231 - -15226?
4665
In base 2, what is 100100 + -1001010110101000001010?
-1001010110100111100110
In base 2, what is 11100110101100001 - -1101101?
11100110111001110
In base 8, what is 7252 - -140666?
150140
In base 3, what is 20 - -1001220110001?
1001220110021
In base 11, what is 61134a7a + 3?
61134a82
In base 12, what is -3631a + 41b4?
-32126
In base 10, what is -365 + -6880?
-7245
In base 7, what is -4 + 13116236?
13116232
In base 9, what is -18 + 3358743?
3358724
In base 14, what is 164d4825 + 0?
164d4825
In base 5, what is -104232321131 + -4?
-104232321140
In base 7, what is -262 - -54226065?
54225503
In base 9, what is 5642486 + -1?
5642485
In base 10, what is 17 - -383967?
383984
In base 13, what is 5 + 4ac47?
4ac4c
In base 11, what is 15a09041 - -4?
15a09045
In base 13, what is -10a8 - -21642?
20567
In base 11, what is -25373 - 246?
-25609
In base 5, what is 10 + 430011211?
430011221
In base 7, what is 2 - -13463451?
13463453
In base 2, what is 1 - 1000111111110011001101?
-1000111111110011001100
In base 2, what is 11100111011010 + 1100010000011?
101001001011101
In base 15, what is -4a0848 - 13?
-4a085b
In base 13, what is -1 - 43051c?
-430520
In base 4, what is -10 - -21122332100?
21122332030
In base 7, what is -10164511 - -4?
-10164504
In base 11, what is 37656 + 1517?
39072
In base 6, what is -14504 + 33451?
14543
In base 16, what is -1c + -ccce?
-ccea
In base 9, what is -20 - 8218886?
-8220016
In base 6, what is -5 - -1055254320?
1055254311
In base 5, what is 10 - -2101044332?
2101044342
In base 11, what is -3 + -5509096?
-5509099
In base 8, what is 0 - -74411022?
74411022
In base 10, what is 391115135 - 0?
391115135
In base 7, what is 213 - 40253165?
-40252652
In base 9, what is 2530 - 1630?
800
In base 14, what is b + 3744d?
3745a
In base 3, what is 2121120 + 110212002?
120110122
In base 10, what is 2103 - 33644?
-31541
In base 16, what is -512 + 3fe58?
3f946
In base 3, what is -10 + -10022121201221221?
-10022121201222001
In base 16, what is 2f4c2 + 286?
2f748
In base 6, what is -2 + 2142503452?
2142503450
In base 14, what is -3 + 471d93c?
471d939
In base 15, what is -1a - b243b2?
-b243cc
In base 5, what is 21122 - -3102310?
3123432
In base 10, what is -575 + 14971?
14396
In base 7, what is 116210 - -12346?
131556
In base 4, what is -30231102001 + -12?
-30231102013
In base 2, what is 101111011111011011000011011000 + 101?
101111011111011011000011011101
In base 4, what is -13321113100112 - -2?
-13321113100110
In base 15, what is 14701d9 - -16?
1470200
In base 10, what is 0 - -10084389?
10084389
In base 3, what is -120122121 - -102202120?
-10220001
In base 13, what is 40b57 + 1b28?
42982
In base 2, what is -11001010 + -100110000111100?
-100110100000110
In base 9, what is 33861853 - -3?
33861856
In base 14, what is -1 - 5280a3b?
-5280a3c
In base 7, what is 226 - -4522662?
4523221
In base 9, what is -5058657 + -81?
-5058748
In base 15, what is -2 + 5746ebc?
5746eba
In base 2, what is -11001000 - 100011111001001110100?
-100011111001100111100
In base 15, what is 9 + 2424a8?
2424b2
In base 13, what is -c6 + -3c06?
-3ccc
In base 10, what is 1 - 108261817?
-108261816
In base 13, what is 14 - 66ca40?
-66ca29
In base 11, what is -13a - 32742?
-32881
In base 8, what is 4 - -134610411?
134610415
In base 6, what is 104423010 + -151?
104422415
In base 14, what is -4 - -2c28418?
2c28414
In base 2, what is -101010111001100101111111 + 101?
-101010111001100101111010
In base 14, what is 2a5 - 12c15d?
-12bc98
In base 6, what is -210555535 - -120?
-210555415
In base 5, what is 30 + 33024210?
33024240
In base 2, what is -11000100011101 + -10010111101?
-11010111011010
In base 14, what is 1 - -187860b?
187860c
In base 12, what is -1535b63 - 23?
-1535b86
In base 7, what is -33544126 - -32?
-33544064
In base 4, what is 21002030301 - 200?
21002030101
In base 9, what is 54 - 105800?
-105735
In base 3, what is -20212021 - -10210010?
-10002011
In base 4, what is -1221320 - -30300100?
23012120
In base 2, what is 101001100000001010 + -110010110?
101001011001110100
In base 3, what is 1202011 - -1020220212?
1022200000
In base 13, what is 1 + 573503?
573504
In base 14, what is -17d269 + -12?
-17d27b
In base 15, what is -c - 27b8e5?
-27b902
In base 16, what is -3 - -90fac72?
90fac6f
In base 4, what is 1120030312330 + -10?
1120030312320
In base 9, what is -3652041016 + -2?
-3652041018
In base 10, what is -372712 - 3?
-372715
In base 9, what is -20868 - 7862?
-28841
In base 16, what is 80a3 - 134b?
6d58
In base 5, what is 11 + 2213004?
2213020
In base 10, what is 4256 + 8278?
12534
In base 10, what is 27416 - -189?
27605
In base 11, what is 1205 + -122062?
-120958
In base 7, what is 22210106 - -2?
22210111
In base 16, what is -1cecccc - -a?
-1ceccc2
In base 10, what is -170 - 49307?
-49477
In base 7, what is -250233 + -663?
-251226
In base 6, what is 100455 - 124111?
-23212
In base 14, what is 266979 - -1?
26697a
In base 4, what is -20102113230 + -12?
-20102113302
In base 7, what is -14 - 34356252?
-34356266
In base 6, what is 4 - 22011352?
-22011344
In base 11, what is 336992 - -2?
336994
In base 5, what is -22 - -13321104?
13321032
In base 14, what is 1311 - -872d?
9a40
In base 16, what is -98743 + -124?
-98867
In base 9, what is 567 - -157447?
158125
In base 3, what is -22222001020021022 + 0?
-22222001020021022
In base 6, what is 4133004 + 4313?
4141321
In base 5, what is 14440 + 2112024?
2132014
In base 5, what is -32 - 34003213?
-34003300
In base 4, what is -120113 + 10?
-120103
In base 6, what is -515542332 + 14?
-515542314
In base 8, what is -55060 - 30574?
-105654
In base 4, what is -11302111 + 3232?
-11232213
In base 5, what is -203 + 42043430?
42043222
In base 10, what is -2 + 119161489?
119161487
In base 7, what is -14 + 400304450?
400304433
In base 11, what is 3a2 - 6370?
-5a79
In base 3, what is 10111 + -100111221121211?
-100111221111100
In base 11, what is -33 + 8298443?
8298410
In base 5, what is 3 + -1434333123?
-1434333120
In base 9, what is -280172 - 651?
-280833
In base 4, what is 3 + 12031130031030?
12031130031033
In base 5, what is 32 + 22132432?
22133014
In base 2, what is 10001 + 1011101011111001001101?
1011101011111001011110
In base 2, what is -111110000011 + -111001010?
-1000101001101
In base 9, what is -3768 - 3301?
-7170
In base 6, what is -1234224 - 21115?
-1255343
In base 7, what is -1 - 244242340?
-244242341
In base 13, what is 2 - 212c7893?
-212c7891
In base 14, what is cd4 - -5d88?
6c7c
In base 13, what is -31 - -897865?
897834
In base 8, what is -36 + -36354400?
-36354436
In base 13, what is 14554805 - 4?
14554801
In base 6, what is -5104 - -4240350?
4231242
In base 12, what is -7345 - 43?
-7388
In base 5, what is -10414 - 2220300?
-2231214
In base 7, what is 304600 + -11202?
263365
In base 5, what is 10 - 4300141110?
-4300141100
In base 12, what is 593 + 12b90?
13563
In base 16, what is 41eb3c - -2?
41eb3e
In base 8, what is 1714576 - 1764?
1712612
In base 14, what is -217 + -37b97?
-37db0
In base 6, what is 325321 + -202343?
122534
In base 5, what is -44 + -33233221?
-33233320
In base 6, what is -11 + 534542051?
534542040
In base 14, what is 6602a00 - -1?
6602a01
In base 3, what is -212 + -12121020100100?
-12121020101012
In base 9, what is 1772 + -1546?
225
In base 4, what is 200 - 13000112221?
-13000112021
In base 4, what is -3 + 200102222111?
200102222102
In base 16, what is e20 - -f964?
10784
In base 2, what is 11 - -1010101010101000110100?
1010101010101000110111
In base 12, what is 806a2 + 1b3a?
82620
In base 9, what is 4 - 5241341?
-5241336
In base 13, what is -8b001 + -493?
-8b494
In base 3, what is 11121011022102 + 11?
11121011022120
In base 9, what is 84 + -18